425
Convert -22113 (base 4) to base 3.
-220120
What is 10011000000100 (base 2) in base 3?
111100110
What is 51d (base 14) in base 4?
33233
-115 (base 16) to base 10
-277
What is -2331 (base 9) in base 7?
-5020
11101000110 (base 2) to base 4
131012
Convert -1e4 (base 15) to base 2.
-110110111
-121121 (base 3) to base 14
-240
What is 75102 (base 9) in base 15?
eaa5
-797a (base 14) to base 11
-14924
-32022 (base 4) to base 3
-1020120
What is -43797 (base 10) in base 8?
-125425
-1085 (base 12) to base 7
-5222
52477 (base 10) to base 12
26451
What is -34440 (base 6) in base 8?
-11470
Convert -928 (base 15) to base 6.
-13315
-2701 (base 14) to base 4
-1223031
222221 (base 4) to base 14
dcd
What is -204454 (base 6) in base 15?
-4db4
30b (base 15) to base 2
1010101110
What is -110100100101 (base 2) in base 10?
-3365
What is -385 (base 9) in base 4?
-11000
Convert 1001000000001 (base 2) to base 4.
1020001
Convert 31213 (base 4) to base 15.
3d1
1101101101110 (base 2) to base 7
26321
88f (base 16) to base 15
9b1
240330 (base 6) to base 4
11011332
324211 (base 5) to base 14
4109
What is 200121 (base 3) in base 9?
617
Convert -1100000001101 (base 2) to base 7.
-23644
-1145 (base 6) to base 3
-101102
What is 23412 (base 7) in base 14?
22b2
Convert -d5 (base 15) to base 7.
-404
Convert -5401 (base 12) to base 10.
-9217
What is -1941 (base 13) in base 12?
-2223
What is -6b7 (base 15) in base 2?
-10111110010
Convert -30130233 (base 4) to base 8.
-143457
What is -1205 (base 10) in base 5?
-14310
-1c0b (base 16) to base 4
-1300023
What is 826 (base 14) in base 3?
2012100
-10010120212 (base 3) to base 15
-1340e
3382 (base 14) to base 12
5206
-253 (base 13) to base 15
-1c1
What is 1127 (base 8) in base 9?
735
What is 15648 (base 10) in base 5?
1000043
791 (base 10) to base 3
1002022
Convert 233 (base 10) to base 8.
351
What is -1307 (base 9) in base 5?
-12404
What is -16 (base 16) in base 13?
-19
What is -1202121 (base 3) in base 14?
-67b
145 (base 15) to base 4
10202
What is 95 (base 14) in base 3?
11212
Convert 21110001 (base 3) to base 8.
12464
-3110 (base 6) to base 16
-2b2
What is -232 (base 16) in base 4?
-20302
Convert 1066 (base 12) to base 13.
a8c
-fa41 (base 16) to base 4
-33221001
What is 1867 (base 9) in base 2?
10110011110
What is -1468 (base 10) in base 16?
-5bc
4512 (base 12) to base 10
7646
Convert 633a (base 11) to base 16.
20c8
Convert 5cd (base 15) to base 9.
1724
Convert 213 (base 8) to base 13.
a9
Convert -115 (base 9) to base 15.
-65
-440332 (base 5) to base 13
-6b3c
-5a0 (base 11) to base 15
-32a
Convert -18882 (base 9) to base 5.
-404430
What is 12cc (base 13) in base 12?
1693
12202 (base 4) to base 16
1a2
What is 248 (base 13) in base 4?
12032
Convert -11001010000101 (base 2) to base 6.
-135513
Convert 1fa7 (base 16) to base 13.
38c4
What is -2243 (base 5) in base 6?
-1255
What is 100110011 (base 2) in base 10?
307
Convert -490 (base 10) to base 11.
-406
What is 471 (base 11) in base 5?
4222
276 (base 15) to base 7
1431
Convert 110110110 (base 2) to base 4.
12312
-1ab44 (base 15) to base 4
-111032002
Convert 20423 (base 7) to base 3.
20212202
13ad9 (base 15) to base 16
f6e4
Convert 2437 (base 14) to base 16.
18b1
Convert -336243 (base 7) to base 11.
-40a34
What is 13303 (base 6) in base 9?
2733
Convert -40024 (base 6) to base 10.
-5200
Convert b28 (base 15) to base 16.
9d1
21434 (base 5) to base 9
2040
-22234 (base 10) to base 16
-56da
1003013 (base 4) to base 5
114140
-25878 (base 9) to base 3
-212222122
Convert -1010100011111001 (base 2) to base 14.
-11a9b
What is -8411 (base 14) in base 9?
-34178
What is -1de (base 15) in base 8?
-662
Convert -12222 (base 9) to base 15.
-266b
Convert 2309 (base 13) to base 14.
1b0a
-30441 (base 5) to base 16
-7cc
What is -444010 (base 5) in base 8?
-36221
Convert -12130 (base 5) to base 7.
-2445
What is -2758 (base 9) in base 6?
-13342
740 (base 13) to base 6
5415
101032 (base 5) to base 6
23043
336 (base 8) to base 15
ec
What is -145 (base 6) in base 13?
-50
What is ab0 (base 15) in base 16?
96f
30137 (base 10) to base 6
351305
Convert 1100101110 (base 2) to base 12.
57a
Convert 238e (base 16) to base 5.
242402
What is 2033 (base 6) in base 9?
553
33010 (base 4) to base 10
964
What is 10111101000011 (base 2) in base 15?
38b9
What is 53340 (base 6) in base 13?
33c6
221010 (base 3) to base 14
366
-100100001100 (base 2) to base 9
-3153
Convert -2424 (base 14) to base 5.
-200204
718 (base 14) to base 6
10242
Convert -53 (base 9) to base 2.
-110000
552 (base 6) to base 9
255
317 (base 12) to base 13
289
Convert -10222 (base 3) to base 11.
-98
1933 (base 10) to base 13
b59
Convert -26258 (base 9) to base 6.
-213555
Convert -10b1 (base 14) to base 12.
-1817
b112 (base 15) to base 3
1220020222
-3a768 (base 11) to base 15
-1236e
-185 (base 13) to base 14
-15c
What is -15906 (base 10) in base 13?
-7317
Convert 56 (base 7) to base 14.
2d
Convert 374 (base 12) to base 4.
20020
Convert 176 (base 10) to base 6.
452
Convert 1431 (base 16) to base 12.
2ba9
Convert 3529 (base 14) to base 7.
35652
-2230 (base 14) to base 11
-44a4
Convert -42404 (base 5) to base 10.
-2854
Convert 12646 (base 8) to base 15.
1997
Convert 4250 (base 6) to base 11.
7a9
What is 14012 (base 6) in base 5?
32133
d78 (base 14) to base 3
10122022
-5b0 (base 15) to base 4
-110022
Convert -c031 (base 15) to base 13.
-155bc
1000010 (base 2) to base 15
46
52860 (base 10) to base 3
2200111210
What is 12c (base 15) in base 10?
267
Convert 632 (base 8) to base 5.
3120
What is 7831 (base 16) in base 2?
111100000110001
-1225 (base 7) to base 8
-714
14126 (base 8) to base 13
2ab3
1032 (base 4) to base 6
210
-177 (base 11) to base 9
-247
-113310 (base 5) to base 14
-1765
Convert 6218 (base 9) to base 14.
1933
What is 12ab (base 12) in base 2?
100001100011
Convert -36 (base 8) to base 2.
-11110
Convert 22ba (base 15) to base 13.
3484
Convert -50 (base 8) to base 16.
-28
Convert 122022220 (base 3) to base 10.
12633
Convert -110111101 (base 2) to base 16.
-1bd
Convert -1000111 (base 2) to base 12.
-5b
What is -1c8 (base 14) in base 2?
-101110100
What is 401b (base 12) in base 4?
1230113
Convert -642 (base 11) to base 6.
-3324
-329 (base 15) to base 12
-4b6
746 (base 12) to base 14
55c
25204 (base 10) to base 16
6274
Convert 1ba3c (base 13) to base 16.
d4c5
What is -15a (base 13) in base 12?
-184
What is -100000100001 (base 2) in base 9?
-2762
Convert -102 (base 6) to base 11.
-35
146 (base 11) to base 7
333
What is -77939 (base 10) in base 8?
-230163
-379a (base 11) to base 15
-16ee
What is -23b (base 14) in base 13?
-283
1002211 (base 3) to base 11
672
Convert 1466 (base 7) to base 13.
362
33210 (base 4) to base 9
1326
-523001 (base 6) to base 16
-a489
Convert -63a (base 11) to base 6.
-3321
What is -16161 (base 11) in base 14?
-8459
Convert -2120010 (base 3) to base 13.
-b07
Convert 8362 (base 9) to base 8.
13763
Convert 1101012 (base 3) to base 13.
5c3
What is -30241 (base 5) in base 16?
-79a
What is 21 (base 6) in base 7?
16
Convert -444 (base 15) to base 7.
-2545
What is -3221331 (base 4) in base 3?
-202112120
-2311 (base 6) to base 7
-1411
Convert c4b7 (base 13) to base 2.
110101000110110
What is -490 (base 13) in base 11?
-661
20423 (base 5) to base 14
6d5
Convert -266 (base 12) to base 7.
-1032
What is -43550 (base 8) in base 4?
-10131220
Convert -33504 (base 8) to base 13.
-6594
What is -42f4 (base 16) in base 6?
-211204
-8545 (base 10) to base 2
-10000101100001
Convert -17785 (base 9) to base 4.
-3000110
Convert 766 (base 9) to base 13.
393
What is 427 (base 14) in base 12?
583
Convert -3c02 (base 14) to base 11.
-7a54
c864 (base 13) to base 2
110110010010110
1391 (base 15) to base 16
105a
-21200 (base 4) to base 11
-503
Convert -a6bd (base 14) to base 15.
-87dd
What is -4619 (base 14) in base 13?
-5707
-344 (base 8) to base 7
-444
Convert 241010 (base 5) to base 3.
110011220
-12211 (base 4) to base 12
-2b1
-210022212 (base 3) to base 15
-4918
472 (base 10) to base 13
2a4
Convert -111301 (base 4) to base 12.
-981
What is -1779 (base 11) in base 7?
-6413
Convert 12122210 (base 3) to base 2.
1000000011101
What is 1102101 (base 6) in base 12?
27931
What is 104423 (base 5) in base 3?
12010110
8f25 (base 16) to base 13
138ab
Convert 325 (base 8) to ba